 r(-9)?
4
Let a = 97 + -92. Suppose -c = -26 - a. What is the tens digit of c?
3
Suppose -4*b + 15 = -97. Suppose -b = 10*k - 768. What is the units digit of k?
4
Let u(f) be the first derivative of 34*f**3/3 - f**2 - 2*f - 5. Let d be u(-2). Let k = d + -82. What is the tens digit of k?
5
What is the units digit of (12*4/3)/((-3)/(-123))?
6
Let o be (207/15)/(2/(-10)). Let v = o + 193. What is the hundreds digit of v?
1
Suppose 2*u + 3 = -5*o, 3*o - 7*o - 4 = 2*u. Suppose 3*b - 5*n - 39 = 0, 3*n + 69 = 4*b + 2*n. Let l = o + b. What is the units digit of l?
9
Let s(o) = -o**3 - 3*o**2 + 3*o. Let k be s(-4). Suppose -k*g + 121 = -67. Suppose -3*a + g = w, -6*w + 2*w + 35 = 3*a. What is the units digit of a?
7
Let o(m) = 5*m**2 - 2*m + 1. Let w be o(1). Suppose -w*b - 189 = -689. Suppose 0 = -5*k - 0*q + 2*q + b, -2*k = -5*q - 29. What is the tens digit of k?
2
Let s(f) = f**3 + 10*f**2 + 11*f - 5. Let v be (-18 - -20) + -11 + 1. What is the tens digit of s(v)?
3
Let s be (-1)/(-3) - 14/(-21). Let c be 2/(-7) + (-88)/(-14). Suppose 25 = 5*l + y, -l - s + c = 2*y. What is the units digit of l?
5
Let t be (-35)/(-1) - (-20 - -20). Suppose -t = -5*n + 5*k, -4 = -2*n + n + 2*k. What is the tens digit of n?
1
Let y = -89 - -3772. What is the hundreds digit of y?
6
Suppose -4*v - 175 + 183 = 0, 5*j - 2*v - 11116 = 0. What is the thousands digit of j?
2
Let z be -41*(-20)/(-8)*2. What is the units digit of z/10*(1 + -3)?
1
Let j = 45 + 206. What is the hundreds digit of j?
2
Let k = -2 + 5. Suppose -2*h - 3*h + k*s + 197 = 0, h = 5*s + 35. What is the tens digit of h?
4
Suppose 2*j - 4*j = 48. Let w = -17 - j. What is the units digit of w?
7
Let v(d) = 4*d**3 - 15*d**2 + 11*d + 5. What is the units digit of v(8)?
1
Let p = -73 + 102. Let a = p - -5. What is the units digit of a?
4
Suppose 4*t = 2*t + 4. Let m be -1*(t + 1 + -3). Suppose 2*z - 21 - 5 = m. What is the units digit of z?
3
Suppose -29*z - 3*z + 47264 = 0. What is the thousands digit of z?
1
Suppose -11*s - 10348 = -24*s. What is the tens digit of s?
9
Let d = 28 + -28. Suppose 5*p = -2*n + 69, d - 9 = 3*n. What is the units digit of p/(-9)*2*-15?
0
Let h(z) = z + 3. Let k be h(-6). Let c be k/(2*(-1)/2). Suppose c*l - 106 - 46 = -4*r, -68 = -2*l + 4*r. What is the tens digit of l?
4
Let v(p) = -p**2 + 2*p - 83. Let u be v(0). Let l = 148 + u. What is the units digit of l?
5
Let r(y) = 8*y**2 + 25*y + 251. What is the hundreds digit of r(26)?
3
Let m(n) = -6*n - 17. Let c be m(-7). Suppose 2*l + 12 = -2*q + 68, c = -5*q. What is the units digit of l?
3
Let d = 25 - 27. What is the tens digit of (d - 0)*273/(-6)?
9
Suppose -390 = -5*x + 430. Let l = 260 - x. What is the tens digit of l?
9
Suppose 3*v = 10*v - 1274. What is the hundreds digit of v?
1
Let g(c) = 34*c - 2. Suppose 5*o - 31 + 21 = 0. What is the units digit of g(o)?
6
Suppose 0 = 5*z + 9*z - 4074. What is the tens digit of z?
9
Let f(k) = k + 16. Let q = -27 - -45. Let z = q + -26. What is the units digit of f(z)?
8
Let o(j) = j**3 + 12*j**2 + 10*j - 5. Let y = 0 - 3. Let m be (-22)/(3 - (4 + y)). What is the units digit of o(m)?
6
What is the units digit of ((-14)/(-5) - 2) + (-2332)/(-110)?
2
Suppose -5104 - 1603 = -4*k + t, 4*t = -3*k + 5054. What is the units digit of k?
8
What is the hundreds digit of ((-1664)/40)/((-2)/20)?
4
Let l be 3 + (-4 - 35/(-5)). Let m(p) = p**2 + 6*p - 3. What is the tens digit of m(l)?
6
Let t(h) be the second derivative of h**4/2 - 5*h**3/6 + 2*h**2 + 2*h. Let n be t(4). Suppose n = 4*l - 0*l. What is the units digit of l?
0
Suppose 0 = 45*c - 13161 + 2856. What is the units digit of c?
9
Let v(q) = 2*q**3 - 2*q**2 - 2*q. Let c be v(2). Let d = c - 4. Suppose 0 = -m - d + 35. What is the tens digit of m?
3
Let m(i) = -1. Let k(b) = -30*b + 12. Let l(r) = -15*r + 6. Let n(u) = 4*k(u) - 9*l(u). Let c(f) = -5*m(f) + n(f). What is the tens digit of c(3)?
4
Suppose 7*b + 210 = 10*b. Let m = b - -27. What is the units digit of m?
7
Suppose -4*n + 6*n = -6, 3*n = -4*j + 3. Suppose -3*k = -4*f + 14, 2*k = -j - 1. Suppose 10 = -f*v, 2*w - 2*v = 4*w - 36. What is the tens digit of w?
2
Let g(p) = -p**3 + 4*p**2 - 2*p + 6. Let f = -3 + 7. Let n be g(f). What is the tens digit of ((-24)/(-30))/(n/(-45))?
1
Suppose 1190*c - 1195*c + 300 = 0. What is the tens digit of c?
6
Suppose -2746 + 674 = -7*w. What is the tens digit of w?
9
Suppose 26 = 2*y - g - 3*g, 0 = 2*y - 2*g - 18. Suppose 0 = -3*d + y*d - 12. Suppose -504 = -13*z + d*z. What is the tens digit of z?
7
Let k be ((-119)/(-14))/((-1)/38). Let o = k - -612. What is the units digit of o?
9
Let j be 4/(16/(-20))*-1. Suppose -j*d + 360 = 5*x, -2*d = -3*x + x - 144. What is the units digit of d?
2
Suppose -4*m + 6 = -3*o, 1 - 3 = -o. Let b(k) = 5*k**2 + 3*k + 2. Let u be b(-1). Suppose 2*i + 2*s = m*s + 120, 3*s - 240 = -u*i. What is the units digit of i?
0
Suppose 44 = -n - n + 4*o, 0 = -5*n + o - 65. What is the tens digit of 21/(-126) + (-470)/n?
3
Suppose 3*s - 2764 = 4*a, -2*s + 2*a - 173 = -2017. Suppose -t + s = 6*t. What is the tens digit of t?
3
Let p(o) be the second derivative of 14*o**4/3 - o**2/2 + 12*o. What is the tens digit of p(1)?
5
Let o(g) = 15*g**2 - 28*g - 63. What is the thousands digit of o(-11)?
2
Suppose -5*g + 4*v + 71 + 146 = 0, 220 = 5*g - 5*v. What is the tens digit of g?
4
Suppose -26*x = -65*x + 17589. What is the units digit of x?
1
Suppose -4*x + 13 = -3. Suppose -272 = -x*z - 84. What is the tens digit of z?
4
What is the units digit of 1381/7 - 12/42?
7
Let t(v) = -3*v - 13. Let k be t(5). Let q = 31 + k. Suppose 11 - 5 = q*i. What is the units digit of i?
2
Suppose -5*x - 12 - 8 = 0. Let c be (4 - 0)/x + 43. Suppose 2*y = -2, 2*d - c = -3*y + 37. What is the units digit of d?
1
What is the units digit of (-19)/(190/(-13220)) - -2?
4
Suppose 3*x + r - 56 = -2*x, 4 = 2*x + 5*r. Suppose -2*u + 4*o = -8, -5*u + 4*o + x = -2. Suppose 0*l = -u*l + 46. What is the tens digit of l?
2
Suppose 2*c + 2*f = -2*f + 52, -2*c + 64 = f. Let k = 20 + c. What is the tens digit of k?
5
Let w(o) = -3*o + 2. Let g be (-430)/(-90) + (-2)/(-9). Suppose -3*s + 2*s - g*p - 33 = 0, 5 = -p. What is the units digit of w(s)?
6
Let h be 3 + (3 - (3 - 2)). Suppose -2*b - 3*p = -140, b + h*p + 0*p - 77 = 0. What is the units digit of b?
7
Let m = 87 - 82. Suppose m*z - 15 = 770. What is the hundreds digit of z?
1
Let f(c) be the third derivative of c**5/10 + c**3/6 + c**2. Let z be f(-1). Suppose 0 = 2*k + 3*d - 62, k - 24 + z = -5*d. What is the units digit of k?
7
What is the tens digit of 20214/42 + 6/(-21)?
8
Let i = 51 + -51. Suppose 3*r + 4*n - 271 = 0, i*n + 196 = 2*r - 5*n. What is the tens digit of r?
9
Let h(k) be the third derivative of -k**5/60 - 5*k**4/8 - 13*k**3/6 - 2*k**2. Let r be h(-14). Let u(m) = 29*m. What is the units digit of u(r)?
9
Let s = -156 + 159. Let q = -7 - -16. Suppose s*l - 2*l = q. What is the units digit of l?
9
Let a be (-3 - -4) + -3 + -4. Let g be 4/((-8)/a) + -45. What is the units digit of (4/(-6))/(4/g)?
7
Suppose -2*x = -4*x - 50. Let p = -16 - x. Suppose 4*n + 290 = p*n + b, 2*n = -3*b + 116. What is the tens digit of n?
5
Let i(z) = -8*z**2 + 3*z + 16. Let n be i(4). Let q = 121 - n. What is the units digit of q?
1
Let d(u) = u**3 - 9*u**2 - 7*u + 16. Let i be d(13). Suppose 9*t = i + 164. What is the units digit of t?
5
Let d(o) = -5*o**3 + 3*o**2 + 10*o + 40. What is the hundreds digit of d(-3)?
1
Let u(k) = 21*k**2 - 35*k - 220. What is the tens digit of u(-13)?
8
Suppose 3*r = r - 46. Suppose -i - i = 4*g - 372, 186 = 2*g + 4*i. Let x = r + g. What is the tens digit of x?
7
Let n(g) = -g**3 + 2*g**2 + 4*g - 2. Let s be n(3). Suppose 0 = -m + 3 - s. Suppose 8*q = 10*q - m. What is the units digit of q?
1
Let v be (4 - 6) + 0 + 10. Suppose -9*n = -v*n - 85. What is the tens digit of n?
8
Let h = 154 + -149. Suppose b - 84 = -2*j, j - 8 = -h*b + 16. What is the tens digit of j?
4
Let m(v) = 248*v + 73. What is the hundreds digit of m(5)?
3
Suppose 128708 - 492299 = -71*m. What is the thousands digit of m?
5
Let w(g) = -1 - 6*g + 9*g + 34*g. What is the units digit of w(1)?
6
Let y(p) = p**3 + 10*p**2 + 8*p + 12. Let t be y(-9). Let l be t/12*(1 + 3). Let m(x) = -x**3 + 6*x**2 + 8*x - 5. What is the